Last updated on 2024-06-30 00:59:28 CEST.
Flavor | Version | Tinstall | Tcheck | Ttotal | Status | Flags |
---|---|---|---|---|---|---|
r-devel-linux-x86_64-debian-clang | 1.1.0 | 41.57 | 563.10 | 604.67 | OK | |
r-devel-linux-x86_64-debian-gcc | 1.1.0 | 43.96 | 422.33 | 466.29 | OK | |
r-devel-linux-x86_64-fedora-clang | 1.1.0 | 762.59 | OK | |||
r-devel-linux-x86_64-fedora-gcc | 1.1.0 | 740.77 | OK | |||
r-devel-windows-x86_64 | 1.1.0 | 45.00 | 416.00 | 461.00 | OK | |
r-patched-linux-x86_64 | 1.1.0 | 33.42 | 475.84 | 509.26 | OK | |
r-release-linux-x86_64 | 1.1.0 | 33.71 | 527.84 | 561.55 | OK | |
r-release-macos-arm64 | 1.1.0 | 211.00 | NOTE | |||
r-release-macos-x86_64 | 1.1.0 | 299.00 | OK | |||
r-release-windows-x86_64 | 1.1.0 | 42.00 | 407.00 | 449.00 | OK | |
r-oldrel-macos-arm64 | 1.1.0 | 206.00 | NOTE | |||
r-oldrel-macos-x86_64 | 1.1.0 | 457.00 | OK | |||
r-oldrel-windows-x86_64 | 1.1.0 | 61.00 | 530.00 | 591.00 | OK |
Version: 1.1.0
Check: installed package size
Result: NOTE
installed size is 5.1Mb
sub-directories of 1Mb or more:
data 4.5Mb
Flavors: r-release-macos-arm64, r-oldrel-macos-arm64