Last updated on 2024-06-30 00:59:28 CEST.
Flavor | Version | Tinstall | Tcheck | Ttotal | Status | Flags |
---|---|---|---|---|---|---|
r-devel-linux-x86_64-debian-clang | 0.2.0 | 2.33 | 146.64 | 148.97 | OK | |
r-devel-linux-x86_64-debian-gcc | 0.2.0 | 2.47 | 101.90 | 104.37 | OK | |
r-devel-linux-x86_64-fedora-clang | 0.2.0 | 179.90 | NOTE | |||
r-devel-linux-x86_64-fedora-gcc | 0.2.0 | 183.02 | NOTE | |||
r-devel-windows-x86_64 | 0.2.0 | 4.00 | 120.00 | 124.00 | OK | |
r-patched-linux-x86_64 | 0.2.0 | 2.22 | 130.59 | 132.81 | OK | |
r-release-linux-x86_64 | 0.2.0 | 3.50 | 134.64 | 138.14 | OK | |
r-release-macos-arm64 | 0.2.0 | 50.00 | OK | |||
r-release-macos-x86_64 | 0.2.0 | 81.00 | OK | |||
r-release-windows-x86_64 | 0.2.0 | 5.00 | 112.00 | 117.00 | OK | |
r-oldrel-macos-arm64 | 0.2.0 | 56.00 | OK | |||
r-oldrel-macos-x86_64 | 0.2.0 | 88.00 | OK | |||
r-oldrel-windows-x86_64 | 0.2.0 | 5.00 | 151.00 | 156.00 | OK |
Version: 0.2.0
Check: dependencies in R code
Result: NOTE
Namespace in Imports field not imported from: ‘lwgeom’
All declared Imports should be used.
Flavors: r-devel-linux-x86_64-fedora-clang, r-devel-linux-x86_64-fedora-gcc