Last updated on 2024-06-30 00:59:28 CEST.
Flavor | Version | Tinstall | Tcheck | Ttotal | Status | Flags |
---|---|---|---|---|---|---|
r-devel-linux-x86_64-debian-clang | 0.3.0 | 40.65 | 32.54 | 73.19 | NOTE | |
r-devel-linux-x86_64-debian-gcc | 0.3.0 | 24.93 | 24.13 | 49.06 | NOTE | |
r-devel-linux-x86_64-fedora-clang | 0.3.0 | 118.69 | NOTE | |||
r-devel-linux-x86_64-fedora-gcc | 0.3.0 | 103.92 | NOTE | |||
r-devel-windows-x86_64 | 0.3.0 | 40.00 | 71.00 | 111.00 | NOTE | |
r-patched-linux-x86_64 | 0.3.0 | 33.43 | 31.22 | 64.65 | OK | |
r-release-linux-x86_64 | 0.3.0 | 34.18 | 31.57 | 65.75 | OK | |
r-release-macos-arm64 | 0.3.0 | 28.00 | OK | |||
r-release-macos-x86_64 | 0.3.0 | 35.00 | OK | |||
r-release-windows-x86_64 | 0.3.0 | 39.00 | 72.00 | 111.00 | OK | |
r-oldrel-macos-arm64 | 0.3.0 | 52.00 | OK | |||
r-oldrel-macos-x86_64 | 0.3.0 | 95.00 | OK | |||
r-oldrel-windows-x86_64 | 0.3.0 | 35.00 | 83.00 | 118.00 | OK |
Version: 0.3.0
Check: compiled code
Result: NOTE
File ‘timechange/libs/timechange.so’:
Found non-API calls to R: ‘SETLENGTH’, ‘SET_GROWABLE_BIT’,
‘SET_TRUELENGTH’
Compiled code should not call non-API entry points in R.
See ‘Writing portable packages’ in the ‘Writing R Extensions’ manual.
See section ‘Moving into C API compliance’ in the ‘Writing R
Extensions’ manual for issues with use of non-API entry points.
Flavors: r-devel-linux-x86_64-debian-clang, r-devel-linux-x86_64-debian-gcc, r-devel-linux-x86_64-fedora-clang
Version: 0.3.0
Check: compiled code
Result: NOTE
File ‘timechange/libs/timechange.so’:
Found non-API calls to R: ‘SETLENGTH’, ‘SET_GROWABLE_BIT’,
‘SET_TRUELENGTH’
Compiled code should not call non-API entry points in R.
See ‘Writing portable packages’ in the ‘Writing R Extensions’ manual.
Flavor: r-devel-linux-x86_64-fedora-gcc
Version: 0.3.0
Check: compiled code
Result: NOTE
File 'timechange/libs/x64/timechange.dll':
Found non-API calls to R: 'SETLENGTH', 'SET_GROWABLE_BIT',
'SET_TRUELENGTH'
Compiled code should not call non-API entry points in R.
See 'Writing portable packages' in the 'Writing R Extensions' manual.
See section 'Moving into C API compliance' in the 'Writing R
Extensions' manual for issues with use of non-API entry points.
Flavor: r-devel-windows-x86_64