Last updated on 2024-06-30 00:59:28 CEST.
Flavor | Version | Tinstall | Tcheck | Ttotal | Status | Flags |
---|---|---|---|---|---|---|
r-devel-linux-x86_64-debian-clang | 0.3.5 | 12.57 | 153.78 | 166.35 | OK | |
r-devel-linux-x86_64-debian-gcc | 0.3.5 | 6.13 | 113.21 | 119.34 | OK | |
r-devel-linux-x86_64-fedora-clang | 0.3.5 | 202.98 | NOTE | |||
r-devel-linux-x86_64-fedora-gcc | 0.3.5 | 206.10 | NOTE | |||
r-devel-windows-x86_64 | 0.3.5 | 11.00 | 130.00 | 141.00 | OK | |
r-patched-linux-x86_64 | 0.3.5 | 9.25 | 147.02 | 156.27 | OK | |
r-release-linux-x86_64 | 0.3.5 | 6.71 | 148.80 | 155.51 | OK | |
r-release-macos-arm64 | 0.3.5 | 62.00 | OK | |||
r-release-macos-x86_64 | 0.3.5 | 122.00 | OK | |||
r-release-windows-x86_64 | 0.3.5 | 12.00 | 128.00 | 140.00 | OK | |
r-oldrel-macos-arm64 | 0.3.5 | 68.00 | OK | |||
r-oldrel-macos-x86_64 | 0.3.5 | 107.00 | OK | |||
r-oldrel-windows-x86_64 | 0.3.5 | 14.00 | 152.00 | 166.00 | OK |
Version: 0.3.5
Check: data for non-ASCII characters
Result: NOTE
Note: found 160 marked UTF-8 strings
Flavors: r-devel-linux-x86_64-fedora-clang, r-devel-linux-x86_64-fedora-gcc