Last updated on 2024-06-30 00:59:28 CEST.
Flavor | Version | Tinstall | Tcheck | Ttotal | Status | Flags |
---|---|---|---|---|---|---|
r-devel-linux-x86_64-debian-clang | 1.5.0 | 49.15 | 518.50 | 567.65 | OK | |
r-devel-linux-x86_64-debian-gcc | 1.5.0 | 49.59 | 380.18 | 429.77 | OK | |
r-devel-linux-x86_64-fedora-clang | 1.5.0 | 567.10 | OK | |||
r-devel-linux-x86_64-fedora-gcc | 1.5.0 | 532.36 | OK | |||
r-devel-windows-x86_64 | 1.5.0 | 50.00 | 329.00 | 379.00 | OK | |
r-patched-linux-x86_64 | 1.5.0 | 43.23 | 488.86 | 532.09 | OK | |
r-release-linux-x86_64 | 1.5.0 | 51.83 | 487.26 | 539.09 | OK | |
r-release-macos-arm64 | 1.5.0 | 191.00 | OK | |||
r-release-macos-x86_64 | 1.5.0 | 291.00 | OK | |||
r-release-windows-x86_64 | 1.5.0 | 50.00 | 335.00 | 385.00 | OK | |
r-oldrel-macos-arm64 | 1.5.0 | 206.00 | OK | |||
r-oldrel-macos-x86_64 | 1.5.0 | 419.00 | OK | |||
r-oldrel-windows-x86_64 | 1.5.0 | 71.00 | 464.00 | 535.00 | ERROR |
Version: 1.5.0
Check: whether package can be installed
Result: ERROR
Installation failed.
Flavor: r-oldrel-windows-x86_64