Last updated on 2024-06-16 11:58:09 CEST.
Flavor | Version | Tinstall | Tcheck | Ttotal | Status | Flags |
---|---|---|---|---|---|---|
r-devel-linux-x86_64-debian-clang | 0.6.6 | 17.93 | 71.13 | 89.06 | OK | |
r-devel-linux-x86_64-debian-gcc | 0.6.6 | 14.40 | 53.28 | 67.68 | OK | |
r-devel-linux-x86_64-fedora-clang | 0.6.6 | 113.02 | NOTE | |||
r-devel-linux-x86_64-fedora-gcc | 0.6.6 | 111.01 | NOTE | |||
r-devel-windows-x86_64 | 0.6.6 | 16.00 | 77.00 | 93.00 | OK | |
r-patched-linux-x86_64 | 0.6.6 | 18.23 | 66.23 | 84.46 | OK | |
r-release-linux-x86_64 | 0.6.6 | 18.35 | 68.42 | 86.77 | OK | |
r-release-macos-arm64 | 0.6.6 | 33.00 | NOTE | |||
r-release-macos-x86_64 | 0.6.6 | 50.00 | NOTE | |||
r-release-windows-x86_64 | 0.6.6 | 16.00 | 79.00 | 95.00 | OK | |
r-oldrel-macos-arm64 | 0.6.6 | 35.00 | OK | |||
r-oldrel-macos-x86_64 | 0.6.6 | 53.00 | NOTE | |||
r-oldrel-windows-x86_64 | 0.6.6 | 22.00 | 89.00 | 111.00 | OK |
Version: 0.6.6
Check: data for non-ASCII characters
Result: NOTE
Note: found 100 marked Latin-1 strings
Note: found 548 marked UTF-8 strings
Flavors: r-devel-linux-x86_64-fedora-clang, r-devel-linux-x86_64-fedora-gcc
Version: 0.6.6
Check: installed package size
Result: NOTE
installed size is 5.6Mb
sub-directories of 1Mb or more:
data 5.2Mb
Flavors: r-release-macos-arm64, r-release-macos-x86_64, r-oldrel-macos-x86_64