Last updated on 2024-06-30 00:59:28 CEST.
Flavor | Version | Tinstall | Tcheck | Ttotal | Status | Flags |
---|---|---|---|---|---|---|
r-devel-linux-x86_64-debian-clang | 0.8.1 | 24.42 | 52.32 | 76.74 | NOTE | |
r-devel-linux-x86_64-debian-gcc | 0.8.1 | 17.57 | 40.13 | 57.70 | NOTE | |
r-devel-linux-x86_64-fedora-clang | 0.8.1 | 109.96 | NOTE | |||
r-devel-linux-x86_64-fedora-gcc | 0.8.1 | 106.95 | NOTE | |||
r-devel-windows-x86_64 | 0.8.1 | 17.00 | 62.00 | 79.00 | NOTE | |
r-patched-linux-x86_64 | 0.8.1 | 21.92 | 50.00 | 71.92 | NOTE | |
r-release-linux-x86_64 | 0.8.1 | 24.94 | 50.44 | 75.38 | NOTE | |
r-release-macos-arm64 | 0.8.1 | 33.00 | NOTE | |||
r-release-macos-x86_64 | 0.8.1 | 57.00 | NOTE | |||
r-release-windows-x86_64 | 0.8.1 | 18.00 | 62.00 | 80.00 | NOTE | |
r-oldrel-macos-arm64 | 0.8.1 | 34.00 | OK | |||
r-oldrel-macos-x86_64 | 0.8.1 | 58.00 | NOTE | |||
r-oldrel-windows-x86_64 | 0.8.1 | 16.00 | 67.00 | 83.00 | OK |
Version: 0.8.1
Check: Rd files
Result: NOTE
checkRd: (-1) Sim-Functions.Rd:99: Lost braces in \itemize; meant \describe ?
checkRd: (-1) Sim-Functions.Rd:100-102: Lost braces in \itemize; meant \describe ?
checkRd: (-1) Sim-Functions.Rd:108: Lost braces in \itemize; meant \describe ?
checkRd: (-1) Sim-Functions.Rd:109-110: Lost braces in \itemize; meant \describe ?
checkRd: (-1) Sim-Functions.Rd:111-113: Lost braces in \itemize; meant \describe ?
checkRd: (-1) Sim-Functions.Rd:114-116: Lost braces in \itemize; meant \describe ?
Flavors: r-devel-linux-x86_64-debian-clang, r-devel-linux-x86_64-debian-gcc, r-devel-linux-x86_64-fedora-clang, r-devel-linux-x86_64-fedora-gcc, r-devel-windows-x86_64, r-patched-linux-x86_64, r-release-linux-x86_64, r-release-macos-arm64, r-release-macos-x86_64, r-release-windows-x86_64
Version: 0.8.1
Check: package dependencies
Result: NOTE
Package suggested but not available for checking: ‘competitiontoolbox’
Flavor: r-oldrel-macos-x86_64
Version: 0.8.1
Check: Rd cross-references
Result: NOTE
Package unavailable to check Rd xrefs: ‘competitiontoolbox’
Flavor: r-oldrel-macos-x86_64