Last updated on 2024-06-30 00:59:29 CEST.
Flavor | Version | Tinstall | Tcheck | Ttotal | Status | Flags |
---|---|---|---|---|---|---|
r-devel-linux-x86_64-debian-clang | 1.3.0 | 12.23 | 128.27 | 140.50 | NOTE | |
r-devel-linux-x86_64-debian-gcc | 1.3.0 | 9.26 | 92.63 | 101.89 | NOTE | |
r-devel-linux-x86_64-fedora-clang | 1.3.0 | 167.26 | NOTE | |||
r-devel-linux-x86_64-fedora-gcc | 1.3.0 | 171.82 | NOTE | |||
r-devel-windows-x86_64 | 1.3.0 | 12.00 | 105.00 | 117.00 | NOTE | |
r-patched-linux-x86_64 | 1.3.0 | 11.80 | 119.96 | 131.76 | NOTE | |
r-release-linux-x86_64 | 1.3.0 | 7.31 | 121.43 | 128.74 | NOTE | |
r-release-macos-arm64 | 1.3.0 | 53.00 | NOTE | |||
r-release-macos-x86_64 | 1.3.0 | 78.00 | NOTE | |||
r-release-windows-x86_64 | 1.3.0 | 10.00 | 106.00 | 116.00 | NOTE | |
r-oldrel-macos-arm64 | 1.3.0 | 52.00 | NOTE | |||
r-oldrel-macos-x86_64 | 1.3.0 | 88.00 | NOTE | |||
r-oldrel-windows-x86_64 | 1.3.0 | 14.00 | 130.00 | 144.00 | NOTE |
Version: 1.3.0
Check: LazyData
Result: NOTE
'LazyData' is specified without a 'data' directory
Flavors: r-devel-linux-x86_64-debian-clang, r-devel-linux-x86_64-debian-gcc, r-devel-linux-x86_64-fedora-clang, r-devel-linux-x86_64-fedora-gcc, r-devel-windows-x86_64, r-patched-linux-x86_64, r-release-linux-x86_64, r-release-macos-arm64, r-release-macos-x86_64, r-release-windows-x86_64, r-oldrel-macos-arm64, r-oldrel-macos-x86_64, r-oldrel-windows-x86_64