Last updated on 2024-06-08 09:49:23 CEST.
Flavor | Version | Tinstall | Tcheck | Ttotal | Status | Flags |
---|---|---|---|---|---|---|
r-devel-linux-x86_64-debian-clang | 0.6-10 | 9.31 | 91.41 | 100.72 | OK | |
r-devel-linux-x86_64-debian-gcc | 0.6-10 | 6.19 | 67.34 | 73.53 | OK | |
r-devel-linux-x86_64-fedora-clang | 0.6-10 | 128.57 | NOTE | |||
r-devel-linux-x86_64-fedora-gcc | 0.6-10 | 136.47 | OK | |||
r-devel-windows-x86_64 | 0.6-10 | 10.00 | 96.00 | 106.00 | OK | |
r-patched-linux-x86_64 | 0.6-10 | 10.65 | 89.14 | 99.79 | OK | |
r-release-linux-x86_64 | 0.6-10 | 9.39 | 87.71 | 97.10 | OK | |
r-release-macos-arm64 | 0.6-10 | 42.00 | OK | |||
r-release-macos-x86_64 | 0.6-10 | 73.00 | OK | |||
r-release-windows-x86_64 | 0.6-10 | 10.00 | 97.00 | 107.00 | OK | |
r-oldrel-macos-arm64 | 0.6-10 | 51.00 | OK | |||
r-oldrel-macos-x86_64 | 0.6-10 | 87.00 | OK | |||
r-oldrel-windows-x86_64 | 0.6-10 | 11.00 | 111.00 | 122.00 | OK |
Version: 0.6-10
Check: Rd cross-references
Result: NOTE
Undeclared package ‘tseries’ in Rd xrefs
Flavor: r-devel-linux-x86_64-fedora-clang