Last updated on 2024-06-30 00:59:29 CEST.
Flavor | Version | Tinstall | Tcheck | Ttotal | Status | Flags |
---|---|---|---|---|---|---|
r-devel-linux-x86_64-debian-clang | 2.3.5 | 10.99 | 43.17 | 54.16 | NOTE | |
r-devel-linux-x86_64-debian-gcc | 2.3.5 | 7.52 | 31.26 | 38.78 | NOTE | |
r-devel-linux-x86_64-fedora-clang | 2.3.5 | 70.89 | NOTE | |||
r-devel-linux-x86_64-fedora-gcc | 2.3.5 | 63.19 | NOTE | |||
r-devel-windows-x86_64 | 2.3.5 | 12.00 | 55.00 | 67.00 | NOTE | |
r-patched-linux-x86_64 | 2.3.5 | 9.28 | 40.60 | 49.88 | NOTE | |
r-release-linux-x86_64 | 2.3.5 | 9.31 | 40.78 | 50.09 | NOTE | |
r-release-macos-arm64 | 2.3.5 | 22.00 | NOTE | |||
r-release-macos-x86_64 | 2.3.5 | 32.00 | NOTE | |||
r-release-windows-x86_64 | 2.3.5 | 11.00 | 54.00 | 65.00 | NOTE | |
r-oldrel-macos-arm64 | 2.3.5 | 23.00 | OK | |||
r-oldrel-macos-x86_64 | 2.3.5 | 35.00 | OK | |||
r-oldrel-windows-x86_64 | 2.3.5 | 13.00 | 58.00 | 71.00 | OK |
Version: 2.3.5
Check: Rd files
Result: NOTE
checkRd: (-1) tweedie-internal.Rd:74: Lost braces
74 | doi{10.1093/biomet/74.2.221}
| ^
Flavors: r-devel-linux-x86_64-debian-clang, r-devel-linux-x86_64-debian-gcc, r-devel-linux-x86_64-fedora-clang, r-devel-linux-x86_64-fedora-gcc, r-devel-windows-x86_64, r-patched-linux-x86_64, r-release-linux-x86_64, r-release-macos-arm64, r-release-macos-x86_64, r-release-windows-x86_64