Last updated on 2024-06-30 00:59:29 CEST.
Flavor | Version | Tinstall | Tcheck | Ttotal | Status | Flags |
---|---|---|---|---|---|---|
r-devel-linux-x86_64-debian-clang | 1.0 | 20.41 | 30.16 | 50.57 | NOTE | |
r-devel-linux-x86_64-debian-gcc | 1.0 | 14.17 | 22.74 | 36.91 | NOTE | |
r-devel-linux-x86_64-fedora-clang | 1.0 | 76.43 | NOTE | |||
r-devel-linux-x86_64-fedora-gcc | 1.0 | 68.58 | NOTE | |||
r-devel-windows-x86_64 | 1.0 | 17.00 | 70.00 | 87.00 | NOTE | |
r-patched-linux-x86_64 | 1.0 | 19.34 | 28.43 | 47.77 | NOTE | |
r-release-linux-x86_64 | 1.0 | 17.58 | 28.95 | 46.53 | NOTE | |
r-release-macos-arm64 | 1.0 | 23.00 | NOTE | |||
r-release-macos-x86_64 | 1.0 | 33.00 | NOTE | |||
r-release-windows-x86_64 | 1.0 | 17.00 | 71.00 | 88.00 | NOTE | |
r-oldrel-macos-arm64 | 1.0 | 25.00 | NOTE | |||
r-oldrel-macos-x86_64 | 1.0 | 37.00 | NOTE | |||
r-oldrel-windows-x86_64 | 1.0 | 21.00 | 76.00 | 97.00 | NOTE |
Version: 1.0
Check: C++ specification
Result: NOTE
Specified C++11: please drop specification unless essential
Flavors: r-devel-linux-x86_64-debian-clang, r-devel-linux-x86_64-debian-gcc, r-devel-linux-x86_64-fedora-clang, r-devel-linux-x86_64-fedora-gcc, r-devel-windows-x86_64, r-patched-linux-x86_64, r-release-linux-x86_64, r-release-macos-arm64, r-release-macos-x86_64, r-release-windows-x86_64, r-oldrel-macos-arm64, r-oldrel-macos-x86_64, r-oldrel-windows-x86_64