Last updated on 2024-06-30 00:59:29 CEST.
Flavor | Version | Tinstall | Tcheck | Ttotal | Status | Flags |
---|---|---|---|---|---|---|
r-devel-linux-x86_64-debian-clang | 1.0.2 | 12.68 | 103.53 | 116.21 | NOTE | |
r-devel-linux-x86_64-debian-gcc | 1.0.2 | 9.34 | 76.16 | 85.50 | NOTE | |
r-devel-linux-x86_64-fedora-clang | 1.0.2 | 147.13 | NOTE | |||
r-devel-linux-x86_64-fedora-gcc | 1.0.2 | 135.04 | NOTE | |||
r-devel-windows-x86_64 | 1.0.2 | 11.00 | 91.00 | 102.00 | NOTE | |
r-patched-linux-x86_64 | 1.0.2 | 11.32 | 96.04 | 107.36 | NOTE | |
r-release-linux-x86_64 | 1.0.2 | 12.79 | 97.97 | 110.76 | NOTE | |
r-release-macos-arm64 | 1.0.2 | 41.00 | NOTE | |||
r-release-macos-x86_64 | 1.0.2 | 59.00 | NOTE | |||
r-release-windows-x86_64 | 1.0.2 | 11.00 | 89.00 | 100.00 | NOTE | |
r-oldrel-macos-arm64 | 1.0.2 | 44.00 | OK | |||
r-oldrel-macos-x86_64 | 1.0.2 | 73.00 | OK | |||
r-oldrel-windows-x86_64 | 1.0.2 | 15.00 | 110.00 | 125.00 | OK |
Version: 1.0.2
Check: Rd files
Result: NOTE
checkRd: (-1) twosigmag.Rd:83: Lost braces in \itemize; \value handles \item{}{} directly
checkRd: (-1) twosigmag.Rd:84: Lost braces in \itemize; \value handles \item{}{} directly
checkRd: (-1) twosigmag.Rd:85: Lost braces in \itemize; \value handles \item{}{} directly
checkRd: (-1) twosigmag.Rd:86: Lost braces in \itemize; \value handles \item{}{} directly
checkRd: (-1) twosigmag.Rd:87: Lost braces in \itemize; \value handles \item{}{} directly
checkRd: (-1) twosigmag.Rd:88: Lost braces in \itemize; \value handles \item{}{} directly
checkRd: (-1) twosigmag.Rd:89: Lost braces in \itemize; \value handles \item{}{} directly
checkRd: (-1) twosigmag.Rd:90: Lost braces in \itemize; \value handles \item{}{} directly
checkRd: (-1) twosigmag.Rd:91: Lost braces in \itemize; \value handles \item{}{} directly
checkRd: (-1) twosigmag.Rd:92: Lost braces in \itemize; \value handles \item{}{} directly
checkRd: (-1) twosigmag.Rd:94: Lost braces in \itemize; \value handles \item{}{} directly
checkRd: (-1) twosigmag.Rd:95: Lost braces in \itemize; \value handles \item{}{} directly
checkRd: (-1) twosigmag.Rd:96: Lost braces in \itemize; \value handles \item{}{} directly
Flavors: r-devel-linux-x86_64-debian-clang, r-devel-linux-x86_64-debian-gcc, r-devel-linux-x86_64-fedora-clang, r-devel-linux-x86_64-fedora-gcc, r-devel-windows-x86_64, r-patched-linux-x86_64, r-release-linux-x86_64, r-release-macos-arm64, r-release-macos-x86_64, r-release-windows-x86_64