Last updated on 2024-06-30 00:59:29 CEST.
Flavor | Version | Tinstall | Tcheck | Ttotal | Status | Flags |
---|---|---|---|---|---|---|
r-devel-linux-x86_64-debian-clang | 3.4.5 | 12.55 | 134.78 | 147.33 | NOTE | |
r-devel-linux-x86_64-debian-gcc | 3.4.5 | 6.50 | 95.98 | 102.48 | NOTE | |
r-devel-linux-x86_64-fedora-clang | 3.4.5 | 181.57 | NOTE | |||
r-devel-linux-x86_64-fedora-gcc | 3.4.5 | 181.58 | NOTE | |||
r-devel-windows-x86_64 | 3.4.5 | 10.00 | 150.00 | 160.00 | NOTE | |
r-patched-linux-x86_64 | 3.4.5 | 12.15 | 126.30 | 138.45 | NOTE | |
r-release-linux-x86_64 | 3.4.5 | 7.42 | 129.81 | 137.23 | NOTE | |
r-release-macos-arm64 | 3.4.5 | 58.00 | NOTE | |||
r-release-macos-x86_64 | 3.4.5 | 89.00 | NOTE | |||
r-release-windows-x86_64 | 3.4.5 | 10.00 | 148.00 | 158.00 | NOTE | |
r-oldrel-macos-arm64 | 3.4.5 | 64.00 | OK | |||
r-oldrel-macos-x86_64 | 3.4.5 | 117.00 | OK | |||
r-oldrel-windows-x86_64 | 3.4.5 | 9.00 | 166.00 | 175.00 | OK |
Version: 3.4.5
Check: Rd files
Result: NOTE
checkRd: (-1) alt_gsmar.Rd:50: Lost braces; missing escapes or markup?
50 | In addition to the S3 methods listed under the topic "Methods (by generic)", the \code{predict} and {simulate} methods
| ^
Flavors: r-devel-linux-x86_64-debian-clang, r-devel-linux-x86_64-debian-gcc, r-devel-linux-x86_64-fedora-clang, r-devel-linux-x86_64-fedora-gcc, r-devel-windows-x86_64, r-patched-linux-x86_64, r-release-linux-x86_64, r-release-macos-arm64, r-release-macos-x86_64, r-release-windows-x86_64