Last updated on 2024-06-30 00:59:29 CEST.
Flavor | Version | Tinstall | Tcheck | Ttotal | Status | Flags |
---|---|---|---|---|---|---|
r-devel-linux-x86_64-debian-clang | 0.1.1 | 11.33 | 87.24 | 98.57 | NOTE | |
r-devel-linux-x86_64-debian-gcc | 0.1.1 | 8.58 | 63.58 | 72.16 | NOTE | |
r-devel-linux-x86_64-fedora-clang | 0.1.1 | 120.79 | NOTE | |||
r-devel-linux-x86_64-fedora-gcc | 0.1.1 | 111.00 | NOTE | |||
r-devel-windows-x86_64 | 0.1.1 | 9.00 | 77.00 | 86.00 | NOTE | |
r-patched-linux-x86_64 | 0.1.1 | 7.54 | 81.59 | 89.13 | NOTE | |
r-release-linux-x86_64 | 0.1.1 | 10.68 | 78.09 | 88.77 | NOTE | |
r-release-macos-arm64 | 0.1.1 | 33.00 | NOTE | |||
r-release-macos-x86_64 | 0.1.1 | 53.00 | NOTE | |||
r-release-windows-x86_64 | 0.1.1 | 9.00 | 77.00 | 86.00 | NOTE | |
r-oldrel-macos-arm64 | 0.1.1 | 37.00 | NOTE | |||
r-oldrel-macos-x86_64 | 0.1.1 | 60.00 | NOTE | |||
r-oldrel-windows-x86_64 | 0.1.1 | 12.00 | 92.00 | 104.00 | NOTE |
Version: 0.1.1
Check: LazyData
Result: NOTE
'LazyData' is specified without a 'data' directory
Flavors: r-devel-linux-x86_64-debian-clang, r-devel-linux-x86_64-debian-gcc, r-devel-linux-x86_64-fedora-clang, r-devel-linux-x86_64-fedora-gcc, r-devel-windows-x86_64, r-patched-linux-x86_64, r-release-linux-x86_64, r-release-macos-arm64, r-release-macos-x86_64, r-release-windows-x86_64, r-oldrel-macos-arm64, r-oldrel-macos-x86_64, r-oldrel-windows-x86_64