Last updated on 2024-06-30 00:59:29 CEST.
Flavor | Version | Tinstall | Tcheck | Ttotal | Status | Flags |
---|---|---|---|---|---|---|
r-devel-linux-x86_64-debian-clang | 1.5 | 8.95 | 67.37 | 76.32 | NOTE | |
r-devel-linux-x86_64-debian-gcc | 1.5 | 6.00 | 49.93 | 55.93 | NOTE | |
r-devel-linux-x86_64-fedora-clang | 1.5 | 91.16 | NOTE | |||
r-devel-linux-x86_64-fedora-gcc | 1.5 | 88.50 | NOTE | |||
r-devel-windows-x86_64 | 1.5 | 8.00 | 64.00 | 72.00 | NOTE | |
r-patched-linux-x86_64 | 1.5 | 8.58 | 62.54 | 71.12 | NOTE | |
r-release-linux-x86_64 | 1.5 | 5.53 | 65.09 | 70.62 | NOTE | |
r-release-macos-arm64 | 1.5 | 30.00 | NOTE | |||
r-release-macos-x86_64 | 1.5 | 45.00 | NOTE | |||
r-release-windows-x86_64 | 1.5 | 7.00 | 66.00 | 73.00 | NOTE | |
r-oldrel-macos-arm64 | 1.5 | 31.00 | NOTE | |||
r-oldrel-macos-x86_64 | 1.5 | 51.00 | NOTE | |||
r-oldrel-windows-x86_64 | 1.5 | 8.00 | 75.00 | 83.00 | NOTE |
Version: 1.5
Check: LazyData
Result: NOTE
'LazyData' is specified without a 'data' directory
Flavors: r-devel-linux-x86_64-debian-clang, r-devel-linux-x86_64-debian-gcc, r-devel-linux-x86_64-fedora-clang, r-devel-linux-x86_64-fedora-gcc, r-devel-windows-x86_64, r-patched-linux-x86_64, r-release-linux-x86_64, r-release-macos-arm64, r-release-macos-x86_64, r-release-windows-x86_64, r-oldrel-macos-arm64, r-oldrel-macos-x86_64, r-oldrel-windows-x86_64