Last updated on 2024-06-30 00:59:29 CEST.
Flavor | Version | Tinstall | Tcheck | Ttotal | Status | Flags |
---|---|---|---|---|---|---|
r-devel-linux-x86_64-debian-clang | 0.0.5 | 16.01 | 44.34 | 60.35 | NOTE | |
r-devel-linux-x86_64-debian-gcc | 0.0.5 | 12.59 | 31.32 | 43.91 | NOTE | |
r-devel-linux-x86_64-fedora-clang | 0.0.5 | 85.28 | NOTE | |||
r-devel-linux-x86_64-fedora-gcc | 0.0.5 | 96.09 | NOTE | |||
r-devel-windows-x86_64 | 0.0.5 | 16.00 | 76.00 | 92.00 | NOTE | |
r-patched-linux-x86_64 | 0.0.5 | 15.05 | 40.69 | 55.74 | OK | |
r-release-linux-x86_64 | 0.0.5 | 15.13 | 41.95 | 57.08 | OK | |
r-release-macos-arm64 | 0.0.5 | 32.00 | OK | |||
r-release-macos-x86_64 | 0.0.5 | 47.00 | OK | |||
r-release-windows-x86_64 | 0.0.5 | 16.00 | 74.00 | 90.00 | OK | |
r-oldrel-macos-arm64 | 0.0.5 | 41.00 | OK | |||
r-oldrel-macos-x86_64 | 0.0.5 | 88.00 | OK | |||
r-oldrel-windows-x86_64 | 0.0.5 | 18.00 | 86.00 | 104.00 | OK |
Version: 0.0.5
Check: compiled code
Result: NOTE
File ‘unnest/libs/unnest.so’:
Found non-API call to R: ‘STRING_PTR’
Compiled code should not call non-API entry points in R.
See ‘Writing portable packages’ in the ‘Writing R Extensions’ manual.
See section ‘Moving into C API compliance’ in the ‘Writing R
Extensions’ manual for issues with use of non-API entry points.
Flavors: r-devel-linux-x86_64-debian-clang, r-devel-linux-x86_64-debian-gcc, r-devel-linux-x86_64-fedora-clang
Version: 0.0.5
Check: compiled code
Result: NOTE
File ‘unnest/libs/unnest.so’:
Found non-API call to R: ‘STRING_PTR’
Compiled code should not call non-API entry points in R.
See ‘Writing portable packages’ in the ‘Writing R Extensions’ manual.
Flavor: r-devel-linux-x86_64-fedora-gcc
Version: 0.0.5
Check: compiled code
Result: NOTE
File 'unnest/libs/x64/unnest.dll':
Found non-API call to R: 'STRING_PTR'
Compiled code should not call non-API entry points in R.
See 'Writing portable packages' in the 'Writing R Extensions' manual.
See section 'Moving into C API compliance' in the 'Writing R
Extensions' manual for issues with use of non-API entry points.
Flavor: r-devel-windows-x86_64