Last updated on 2024-06-30 00:59:29 CEST.
Flavor | Version | Tinstall | Tcheck | Ttotal | Status | Flags |
---|---|---|---|---|---|---|
r-devel-linux-x86_64-debian-clang | 1.0.4 | 3.07 | 23.36 | 26.43 | NOTE | |
r-devel-linux-x86_64-debian-gcc | 1.0.4 | 1.96 | 18.38 | 20.34 | NOTE | |
r-devel-linux-x86_64-fedora-clang | 1.0.4 | 35.21 | NOTE | |||
r-devel-linux-x86_64-fedora-gcc | 1.0.4 | 33.22 | NOTE | |||
r-devel-windows-x86_64 | 1.0.4 | 3.00 | 46.00 | 49.00 | NOTE | |
r-patched-linux-x86_64 | 1.0.4 | 2.30 | 22.20 | 24.50 | NOTE | |
r-release-linux-x86_64 | 1.0.4 | 2.84 | 21.96 | 24.80 | NOTE | |
r-release-macos-arm64 | 1.0.4 | 15.00 | NOTE | |||
r-release-macos-x86_64 | 1.0.4 | 21.00 | NOTE | |||
r-release-windows-x86_64 | 1.0.4 | 3.00 | 44.00 | 47.00 | NOTE | |
r-oldrel-macos-arm64 | 1.0.4 | 20.00 | NOTE | |||
r-oldrel-macos-x86_64 | 1.0.4 | 23.00 | NOTE | |||
r-oldrel-windows-x86_64 | 1.0.4 | 4.00 | 46.00 | 50.00 | NOTE |
Version: 1.0.4
Check: package dependencies
Result: NOTE
Packages suggested but not available for checking: 'vaers', 'vaersND'
Flavors: r-devel-linux-x86_64-debian-clang, r-devel-linux-x86_64-debian-gcc, r-devel-linux-x86_64-fedora-clang, r-devel-linux-x86_64-fedora-gcc, r-devel-windows-x86_64, r-patched-linux-x86_64, r-release-linux-x86_64, r-release-macos-arm64, r-release-macos-x86_64, r-release-windows-x86_64, r-oldrel-macos-arm64, r-oldrel-macos-x86_64, r-oldrel-windows-x86_64