Last updated on 2024-06-30 00:59:29 CEST.
Flavor | Version | Tinstall | Tcheck | Ttotal | Status | Flags |
---|---|---|---|---|---|---|
r-devel-linux-x86_64-debian-clang | 1.0-1 | 9.34 | 88.67 | 98.01 | OK | |
r-devel-linux-x86_64-debian-gcc | 1.0-1 | 9.81 | 66.04 | 75.85 | OK | |
r-devel-linux-x86_64-fedora-clang | 1.0-1 | 124.35 | NOTE | |||
r-devel-linux-x86_64-fedora-gcc | 1.0-1 | 115.21 | NOTE | |||
r-devel-windows-x86_64 | 1.0-1 | 12.00 | 80.00 | 92.00 | OK | |
r-patched-linux-x86_64 | 1.0-1 | 9.56 | 81.17 | 90.73 | OK | |
r-release-linux-x86_64 | 1.0-1 | 10.10 | 80.45 | 90.55 | OK | |
r-release-macos-arm64 | 1.0-1 | 40.00 | OK | |||
r-release-macos-x86_64 | 1.0-1 | 65.00 | OK | |||
r-release-windows-x86_64 | 1.0-1 | 13.00 | 81.00 | 94.00 | OK | |
r-oldrel-macos-arm64 | 1.0-1 | 47.00 | OK | |||
r-oldrel-macos-x86_64 | 1.0-1 | 75.00 | OK | |||
r-oldrel-windows-x86_64 | 1.0-1 | 14.00 | 86.00 | 100.00 | OK |
Version: 1.0-1
Check: compiled code
Result: NOTE
File ‘valorate/libs/valorate.so’:
Found no calls to: ‘R_registerRoutines’, ‘R_useDynamicSymbols’
It is good practice to register native routines and to disable symbol
search.
See ‘Writing portable packages’ in the ‘Writing R Extensions’ manual.
Flavors: r-devel-linux-x86_64-fedora-clang, r-devel-linux-x86_64-fedora-gcc