Last updated on 2024-06-30 00:59:29 CEST.
Flavor | Version | Tinstall | Tcheck | Ttotal | Status | Flags |
---|---|---|---|---|---|---|
r-devel-linux-x86_64-debian-clang | 0.1.1 | 10.24 | 65.98 | 76.22 | NOTE | |
r-devel-linux-x86_64-debian-gcc | 0.1.1 | 6.70 | 48.70 | 55.40 | NOTE | |
r-devel-linux-x86_64-fedora-clang | 0.1.1 | 94.57 | NOTE | |||
r-devel-linux-x86_64-fedora-gcc | 0.1.1 | 86.40 | NOTE | |||
r-devel-windows-x86_64 | 0.1.1 | 7.00 | 67.00 | 74.00 | NOTE | |
r-patched-linux-x86_64 | 0.1.1 | 7.58 | 63.14 | 70.72 | NOTE | |
r-release-linux-x86_64 | 0.1.1 | 5.77 | 63.19 | 68.96 | NOTE | |
r-release-macos-arm64 | 0.1.1 | 29.00 | NOTE | |||
r-release-macos-x86_64 | 0.1.1 | 42.00 | NOTE | |||
r-release-windows-x86_64 | 0.1.1 | 7.00 | 66.00 | 73.00 | NOTE | |
r-oldrel-macos-arm64 | 0.1.1 | 31.00 | NOTE | |||
r-oldrel-macos-x86_64 | 0.1.1 | 51.00 | NOTE | |||
r-oldrel-windows-x86_64 | 0.1.1 | 9.00 | 77.00 | 86.00 | NOTE |
Version: 0.1.1
Check: LazyData
Result: NOTE
'LazyData' is specified without a 'data' directory
Flavors: r-devel-linux-x86_64-debian-clang, r-devel-linux-x86_64-debian-gcc, r-devel-linux-x86_64-fedora-clang, r-devel-linux-x86_64-fedora-gcc, r-devel-windows-x86_64, r-patched-linux-x86_64, r-release-linux-x86_64, r-release-macos-arm64, r-release-macos-x86_64, r-release-windows-x86_64, r-oldrel-macos-arm64, r-oldrel-macos-x86_64, r-oldrel-windows-x86_64