Last updated on 2024-06-30 00:59:29 CEST.
Flavor | Version | Tinstall | Tcheck | Ttotal | Status | Flags |
---|---|---|---|---|---|---|
r-devel-linux-x86_64-debian-clang | 0.0.3 | 4.57 | 51.28 | 55.85 | OK | |
r-devel-linux-x86_64-debian-gcc | 0.0.3 | 3.51 | 37.86 | 41.37 | OK | |
r-devel-linux-x86_64-fedora-clang | 0.0.3 | 71.59 | NOTE | |||
r-devel-linux-x86_64-fedora-gcc | 0.0.3 | 66.98 | NOTE | |||
r-devel-windows-x86_64 | 0.0.3 | 5.00 | 58.00 | 63.00 | OK | |
r-patched-linux-x86_64 | 0.0.3 | 4.03 | 48.42 | 52.45 | OK | |
r-release-linux-x86_64 | 0.0.3 | 4.25 | 49.43 | 53.68 | OK | |
r-release-macos-arm64 | 0.0.3 | 24.00 | OK | |||
r-release-macos-x86_64 | 0.0.3 | 34.00 | OK | |||
r-release-windows-x86_64 | 0.0.3 | 6.00 | 56.00 | 62.00 | OK | |
r-oldrel-macos-arm64 | 0.0.3 | 28.00 | OK | |||
r-oldrel-macos-x86_64 | 0.0.3 | 53.00 | OK | |||
r-oldrel-windows-x86_64 | 0.0.3 | 6.00 | 63.00 | 69.00 | OK |
Version: 0.0.3
Check: dependencies in R code
Result: NOTE
Namespace in Imports field not imported from: ‘methods’
All declared Imports should be used.
Flavors: r-devel-linux-x86_64-fedora-clang, r-devel-linux-x86_64-fedora-gcc