Last updated on 2024-06-30 00:59:30 CEST.
Flavor | Version | Tinstall | Tcheck | Ttotal | Status | Flags |
---|---|---|---|---|---|---|
r-devel-linux-x86_64-debian-clang | 0.2.18 | 10.88 | 92.34 | 103.22 | NOTE | |
r-devel-linux-x86_64-debian-gcc | 0.2.18 | 10.02 | 63.69 | 73.71 | NOTE | |
r-devel-linux-x86_64-fedora-clang | 0.2.18 | 131.99 | NOTE | |||
r-devel-linux-x86_64-fedora-gcc | 0.2.18 | 138.04 | NOTE | |||
r-devel-windows-x86_64 | 0.2.18 | 21.00 | 87.00 | 108.00 | NOTE | |
r-patched-linux-x86_64 | 0.2.18 | 11.52 | 82.68 | 94.20 | OK | |
r-release-linux-x86_64 | 0.2.18 | 11.07 | 84.44 | 95.51 | OK | |
r-release-macos-arm64 | 0.2.18 | 72.00 | OK | |||
r-release-macos-x86_64 | 0.2.18 | 156.00 | OK | |||
r-release-windows-x86_64 | 0.2.18 | 20.00 | 85.00 | 105.00 | OK | |
r-oldrel-macos-arm64 | 0.2.18 | 73.00 | ERROR | |||
r-oldrel-macos-x86_64 | 0.2.18 | 160.00 | ERROR | |||
r-oldrel-windows-x86_64 | 0.2.18 | 22.00 | 104.00 | 126.00 | OK |
Version: 0.2.18
Check: compiled code
Result: NOTE
File ‘vetr/libs/vetr.so’:
Found non-API call to R: ‘SET_TYPEOF’
Compiled code should not call non-API entry points in R.
See ‘Writing portable packages’ in the ‘Writing R Extensions’ manual.
See section ‘Moving into C API compliance’ in the ‘Writing R
Extensions’ manual for issues with use of non-API entry points.
Flavors: r-devel-linux-x86_64-debian-clang, r-devel-linux-x86_64-debian-gcc, r-devel-linux-x86_64-fedora-clang
Version: 0.2.18
Check: compiled code
Result: NOTE
File ‘vetr/libs/vetr.so’:
Found non-API call to R: ‘SET_TYPEOF’
Compiled code should not call non-API entry points in R.
See ‘Writing portable packages’ in the ‘Writing R Extensions’ manual.
Flavor: r-devel-linux-x86_64-fedora-gcc
Version: 0.2.18
Check: compiled code
Result: NOTE
File 'vetr/libs/x64/vetr.dll':
Found non-API call to R: 'SET_TYPEOF'
Compiled code should not call non-API entry points in R.
See 'Writing portable packages' in the 'Writing R Extensions' manual.
See section 'Moving into C API compliance' in the 'Writing R
Extensions' manual for issues with use of non-API entry points.
Flavor: r-devel-windows-x86_64
Version: 0.2.18
Check: running R code from vignettes
Result: ERROR
Errors in running code in vignettes:
when running code in ‘vetr.Rmd’
...
> stopifnot_iris <- function(x) {
+ stopifnot(is.data.frame(x), is.list(x), length(x) == length(iris),
+ identical(lapply(x, class), lapp .... [TRUNCATED]
> stopifnot_iris(iris.fake)
When sourcing ‘vetr.R’:
Error: identical(levels(x$Species), levels(iris$Species)) is not TRUE
Execution halted
‘alike.Rmd’... [2s/2s] OK
‘vetr.Rmd’... failed
Flavor: r-oldrel-macos-arm64
Version: 0.2.18
Check: running R code from vignettes
Result: ERROR
Errors in running code in vignettes:
when running code in ‘vetr.Rmd’
...
> stopifnot_iris <- function(x) {
+ stopifnot(is.data.frame(x), is.list(x), length(x) == length(iris),
+ identical(lapply(x, class), lapp .... [TRUNCATED]
> stopifnot_iris(iris.fake)
When sourcing ‘vetr.R’:
Error: identical(levels(x$Species), levels(iris$Species)) is not TRUE
Execution halted
‘alike.Rmd’... [3s/7s] OK
‘vetr.Rmd’... failed
Flavor: r-oldrel-macos-x86_64