Last updated on 2024-06-16 11:58:10 CEST.
Flavor | Version | Tinstall | Tcheck | Ttotal | Status | Flags |
---|---|---|---|---|---|---|
r-devel-linux-x86_64-debian-clang | 1.0.3 | 102.74 | 173.94 | 276.68 | NOTE | |
r-devel-linux-x86_64-debian-gcc | 1.0.3 | 73.50 | 127.41 | 200.91 | NOTE | |
r-devel-linux-x86_64-fedora-clang | 1.0.3 | 365.40 | NOTE | |||
r-devel-linux-x86_64-fedora-gcc | 1.0.3 | 357.87 | NOTE | |||
r-devel-windows-x86_64 | 1.0.3 | 74.00 | 139.00 | 213.00 | NOTE | |
r-patched-linux-x86_64 | 1.0.3 | 78.42 | 166.31 | 244.73 | NOTE | |
r-release-linux-x86_64 | 1.0.3 | 65.85 | 166.03 | 231.88 | NOTE | |
r-release-macos-arm64 | 1.0.3 | 81.00 | NOTE | |||
r-release-macos-x86_64 | 1.0.3 | 122.00 | NOTE | |||
r-release-windows-x86_64 | 1.0.3 | 73.00 | 144.00 | 217.00 | NOTE | |
r-oldrel-macos-arm64 | 1.0.3 | 97.00 | NOTE | |||
r-oldrel-macos-x86_64 | 1.0.3 | 162.00 | NOTE | |||
r-oldrel-windows-x86_64 | 1.0.3 | 96.00 | 192.00 | 288.00 | OK |
Version: 1.0.3
Check: Rd files
Result: NOTE
checkRd: (-1) LinRegChol.Rd:21: Lost braces; missing escapes or markup?
21 | Do linear regression of form (X^T O X + P)^{-1} X^T y where O is omega, P is
| ^
Flavors: r-devel-linux-x86_64-debian-clang, r-devel-linux-x86_64-debian-gcc, r-devel-linux-x86_64-fedora-clang, r-devel-linux-x86_64-fedora-gcc, r-devel-windows-x86_64, r-patched-linux-x86_64, r-release-linux-x86_64, r-release-macos-arm64, r-release-macos-x86_64, r-release-windows-x86_64
Version: 1.0.3
Check: installed package size
Result: NOTE
installed size is 7.0Mb
sub-directories of 1Mb or more:
libs 6.6Mb
Flavors: r-release-macos-arm64, r-release-macos-x86_64, r-oldrel-macos-arm64, r-oldrel-macos-x86_64