Last updated on 2024-06-30 00:59:30 CEST.
Flavor | Version | Tinstall | Tcheck | Ttotal | Status | Flags |
---|---|---|---|---|---|---|
r-devel-linux-x86_64-debian-clang | 1.8.5 | 3.65 | 72.66 | 76.31 | OK | |
r-devel-linux-x86_64-debian-gcc | 1.8.5 | 3.65 | 53.26 | 56.91 | OK | |
r-devel-linux-x86_64-fedora-clang | 1.8.5 | 98.54 | NOTE | |||
r-devel-linux-x86_64-fedora-gcc | 1.8.5 | 106.25 | NOTE | |||
r-devel-windows-x86_64 | 1.8.5 | 6.00 | 78.00 | 84.00 | OK | |
r-patched-linux-x86_64 | 1.8.5 | 4.63 | 68.45 | 73.08 | OK | |
r-release-linux-x86_64 | 1.8.5 | 3.90 | 69.83 | 73.73 | OK | |
r-release-macos-arm64 | 1.8.5 | 36.00 | OK | |||
r-release-macos-x86_64 | 1.8.5 | 55.00 | OK | |||
r-release-windows-x86_64 | 1.8.5 | 6.00 | 77.00 | 83.00 | OK | |
r-oldrel-macos-arm64 | 1.8.5 | 40.00 | OK | |||
r-oldrel-macos-x86_64 | 1.8.5 | 97.00 | OK | |||
r-oldrel-windows-x86_64 | 1.8.5 | 6.00 | 86.00 | 92.00 | OK |
Version: 1.8.5
Check: data for non-ASCII characters
Result: NOTE
Note: found 83 marked UTF-8 strings
Flavors: r-devel-linux-x86_64-fedora-clang, r-devel-linux-x86_64-fedora-gcc