Last updated on 2024-06-30 00:59:30 CEST.
Flavor | Version | Tinstall | Tcheck | Ttotal | Status | Flags |
---|---|---|---|---|---|---|
r-devel-linux-x86_64-debian-clang | 1.2.4 | 8.96 | 100.84 | 109.80 | OK | |
r-devel-linux-x86_64-debian-gcc | 1.2.4 | 7.22 | 72.57 | 79.79 | OK | |
r-devel-linux-x86_64-fedora-clang | 1.2.4 | 135.99 | NOTE | |||
r-devel-linux-x86_64-fedora-gcc | 1.2.4 | 138.00 | OK | |||
r-devel-windows-x86_64 | 1.2.4 | 8.00 | 90.00 | 98.00 | NOTE | |
r-patched-linux-x86_64 | 1.2.4 | 7.47 | 92.34 | 99.81 | OK | |
r-release-linux-x86_64 | 1.2.4 | 5.59 | 94.75 | 100.34 | OK | |
r-release-macos-arm64 | 1.2.4 | 52.00 | NOTE | |||
r-release-macos-x86_64 | 1.2.4 | 74.00 | NOTE | |||
r-release-windows-x86_64 | 1.2.4 | 8.00 | 91.00 | 99.00 | NOTE | |
r-oldrel-macos-arm64 | 1.2.4 | 53.00 | NOTE | |||
r-oldrel-macos-x86_64 | 1.2.4 | 86.00 | NOTE | |||
r-oldrel-windows-x86_64 | 1.2.4 | 12.00 | 110.00 | 122.00 | NOTE |
Version: 1.2.4
Check: installed package size
Result: NOTE
installed size is 5.9Mb
sub-directories of 1Mb or more:
doc 5.5Mb
Flavors: r-devel-linux-x86_64-fedora-clang, r-devel-windows-x86_64, r-release-macos-arm64, r-release-macos-x86_64, r-release-windows-x86_64, r-oldrel-macos-arm64, r-oldrel-macos-x86_64, r-oldrel-windows-x86_64