Last updated on 2024-06-30 00:59:30 CEST.
Flavor | Version | Tinstall | Tcheck | Ttotal | Status | Flags |
---|---|---|---|---|---|---|
r-devel-linux-x86_64-debian-clang | 1.0.0 | 33.25 | 45.51 | 78.76 | NOTE | |
r-devel-linux-x86_64-debian-gcc | 1.0.0 | 23.36 | 34.83 | 58.19 | NOTE | |
r-devel-linux-x86_64-fedora-clang | 1.0.0 | 108.47 | NOTE | |||
r-devel-linux-x86_64-fedora-gcc | 1.0.0 | 111.00 | NOTE | |||
r-devel-windows-x86_64 | 1.0.0 | 28.00 | 80.00 | 108.00 | NOTE | |
r-patched-linux-x86_64 | 1.0.0 | 29.11 | 42.97 | 72.08 | NOTE | |
r-release-linux-x86_64 | 1.0.0 | 29.94 | 43.39 | 73.33 | NOTE | |
r-release-macos-arm64 | 1.0.0 | 30.00 | NOTE | |||
r-release-macos-x86_64 | 1.0.0 | 50.00 | NOTE | |||
r-release-windows-x86_64 | 1.0.0 | 27.00 | 75.00 | 102.00 | NOTE | |
r-oldrel-macos-arm64 | 1.0.0 | 34.00 | NOTE | |||
r-oldrel-macos-x86_64 | 1.0.0 | 52.00 | NOTE | |||
r-oldrel-windows-x86_64 | 1.0.0 | 32.00 | 88.00 | 120.00 | NOTE |
Version: 1.0.0
Check: LazyData
Result: NOTE
'LazyData' is specified without a 'data' directory
Flavors: r-devel-linux-x86_64-debian-clang, r-devel-linux-x86_64-debian-gcc, r-devel-linux-x86_64-fedora-clang, r-devel-linux-x86_64-fedora-gcc, r-devel-windows-x86_64, r-patched-linux-x86_64, r-release-linux-x86_64, r-release-macos-arm64, r-release-macos-x86_64, r-release-windows-x86_64, r-oldrel-macos-arm64, r-oldrel-macos-x86_64, r-oldrel-windows-x86_64
Version: 1.0.0
Check: compiled code
Result: NOTE
File ‘vita/libs/vita.so’:
Found no calls to: ‘R_registerRoutines’, ‘R_useDynamicSymbols’
It is good practice to register native routines and to disable symbol
search.
See ‘Writing portable packages’ in the ‘Writing R Extensions’ manual.
Flavors: r-devel-linux-x86_64-fedora-clang, r-devel-linux-x86_64-fedora-gcc