Last updated on 2024-06-30 00:59:30 CEST.
Flavor | Version | Tinstall | Tcheck | Ttotal | Status | Flags |
---|---|---|---|---|---|---|
r-devel-linux-x86_64-debian-clang | 1.0.2 | 133.40 | 81.27 | 214.67 | NOTE | |
r-devel-linux-x86_64-debian-gcc | 1.0.2 | 101.87 | 60.29 | 162.16 | NOTE | |
r-devel-linux-x86_64-fedora-clang | 1.0.2 | 282.52 | NOTE | |||
r-devel-linux-x86_64-fedora-gcc | 1.0.2 | 308.96 | NOTE | |||
r-devel-windows-x86_64 | 1.0.2 | 188.00 | 5.00 | 193.00 | ERROR | |
r-patched-linux-x86_64 | 1.0.2 | 119.56 | 77.70 | 197.26 | NOTE | |
r-release-linux-x86_64 | 1.0.2 | 122.83 | 78.32 | 201.15 | NOTE | |
r-release-macos-arm64 | 1.0.2 | 92.00 | NOTE | |||
r-release-macos-x86_64 | 1.0.2 | 115.00 | NOTE | |||
r-release-windows-x86_64 | 1.0.2 | 183.00 | 5.00 | 188.00 | ERROR | |
r-oldrel-macos-arm64 | 1.0.2 | 99.00 | NOTE | |||
r-oldrel-macos-x86_64 | 1.0.2 | 153.00 | NOTE | |||
r-oldrel-windows-x86_64 | 1.0.2 | 228.00 | 296.00 | 524.00 | NOTE |
Version: 1.0.2
Check: for GNU extensions in Makefiles
Result: NOTE
GNU make is a SystemRequirements.
Flavors: r-devel-linux-x86_64-debian-clang, r-devel-linux-x86_64-debian-gcc, r-devel-linux-x86_64-fedora-clang, r-devel-linux-x86_64-fedora-gcc, r-patched-linux-x86_64, r-release-linux-x86_64, r-release-macos-arm64, r-release-macos-x86_64, r-oldrel-macos-arm64, r-oldrel-macos-x86_64, r-oldrel-windows-x86_64
Version: 1.0.2
Check: whether package can be installed
Result: ERROR
Installation failed.
Flavors: r-devel-windows-x86_64, r-release-windows-x86_64
Version: 1.0.2
Check: installed package size
Result: NOTE
installed size is 31.6Mb
sub-directories of 1Mb or more:
extdata 1.6Mb
libs 29.7Mb
Flavors: r-release-macos-arm64, r-release-macos-x86_64, r-oldrel-macos-arm64, r-oldrel-macos-x86_64, r-oldrel-windows-x86_64