Last updated on 2024-06-30 00:59:30 CEST.
Flavor | Version | Tinstall | Tcheck | Ttotal | Status | Flags |
---|---|---|---|---|---|---|
r-devel-linux-x86_64-debian-clang | 1.3.5 | 16.68 | 152.74 | 169.42 | NOTE | |
r-devel-linux-x86_64-debian-gcc | 1.3.5 | 11.77 | 112.38 | 124.15 | NOTE | |
r-devel-linux-x86_64-fedora-clang | 1.3.5 | 214.41 | NOTE | |||
r-devel-linux-x86_64-fedora-gcc | 1.3.5 | 206.99 | NOTE | |||
r-devel-windows-x86_64 | 1.3.5 | 15.00 | 122.00 | 137.00 | NOTE | |
r-patched-linux-x86_64 | 1.3.5 | 14.22 | 143.57 | 157.79 | NOTE | |
r-release-linux-x86_64 | 1.3.5 | 15.21 | 142.21 | 157.42 | NOTE | |
r-release-macos-arm64 | 1.3.5 | 60.00 | NOTE | |||
r-release-macos-x86_64 | 1.3.5 | 97.00 | NOTE | |||
r-release-windows-x86_64 | 1.3.5 | 15.00 | 126.00 | 141.00 | NOTE | |
r-oldrel-macos-arm64 | 1.3.5 | 66.00 | NOTE | |||
r-oldrel-macos-x86_64 | 1.3.5 | 99.00 | NOTE | |||
r-oldrel-windows-x86_64 | 1.3.5 | 18.00 | 161.00 | 179.00 | NOTE |
Version: 1.3.5
Check: package subdirectories
Result: NOTE
Problems with news in ‘NEWS.md’:
No news entries found.
Flavors: r-devel-linux-x86_64-debian-clang, r-devel-linux-x86_64-debian-gcc, r-devel-linux-x86_64-fedora-clang, r-devel-linux-x86_64-fedora-gcc, r-devel-windows-x86_64, r-patched-linux-x86_64, r-release-linux-x86_64, r-release-macos-arm64, r-release-macos-x86_64, r-release-windows-x86_64, r-oldrel-macos-arm64, r-oldrel-macos-x86_64, r-oldrel-windows-x86_64
Version: 1.3.5
Check: LazyData
Result: NOTE
'LazyData' is specified without a 'data' directory
Flavors: r-devel-linux-x86_64-debian-clang, r-devel-linux-x86_64-debian-gcc, r-devel-linux-x86_64-fedora-clang, r-devel-linux-x86_64-fedora-gcc, r-devel-windows-x86_64, r-patched-linux-x86_64, r-release-linux-x86_64, r-release-macos-arm64, r-release-macos-x86_64, r-release-windows-x86_64, r-oldrel-macos-arm64, r-oldrel-macos-x86_64, r-oldrel-windows-x86_64
Version: 1.3.5
Check: dependencies in R code
Result: NOTE
Namespace in Imports field not imported from: ‘methods’
All declared Imports should be used.
Flavors: r-devel-linux-x86_64-fedora-clang, r-devel-linux-x86_64-fedora-gcc