Last updated on 2024-06-30 00:59:30 CEST.
Flavor | Version | Tinstall | Tcheck | Ttotal | Status | Flags |
---|---|---|---|---|---|---|
r-devel-linux-x86_64-debian-clang | 1.6.5 | 140.34 | 135.11 | 275.45 | NOTE | |
r-devel-linux-x86_64-debian-gcc | 1.6.5 | 113.47 | 97.39 | 210.86 | NOTE | |
r-devel-linux-x86_64-fedora-clang | 1.6.5 | 377.34 | NOTE | |||
r-devel-linux-x86_64-fedora-gcc | 1.6.5 | 415.80 | NOTE | |||
r-devel-windows-x86_64 | 1.6.5 | 140.00 | 154.00 | 294.00 | NOTE | |
r-patched-linux-x86_64 | 1.6.5 | 132.97 | 123.06 | 256.03 | OK | |
r-release-linux-x86_64 | 1.6.5 | 141.17 | 124.48 | 265.65 | OK | |
r-release-macos-arm64 | 1.6.5 | 95.00 | NOTE | |||
r-release-macos-x86_64 | 1.6.5 | 107.00 | NOTE | |||
r-release-windows-x86_64 | 1.6.5 | 141.00 | 154.00 | 295.00 | OK | |
r-oldrel-macos-arm64 | 1.6.5 | 94.00 | NOTE | |||
r-oldrel-macos-x86_64 | 1.6.5 | 135.00 | NOTE | |||
r-oldrel-windows-x86_64 | 1.6.5 | 166.00 | 175.00 | 341.00 | OK |
Version: 1.6.5
Check: compiled code
Result: NOTE
File ‘vroom/libs/vroom.so’:
Found non-API calls to R: ‘SETLENGTH’, ‘SET_GROWABLE_BIT’,
‘SET_TRUELENGTH’, ‘STDVEC_DATAPTR’
Compiled code should not call non-API entry points in R.
See ‘Writing portable packages’ in the ‘Writing R Extensions’ manual.
See section ‘Moving into C API compliance’ in the ‘Writing R
Extensions’ manual for issues with use of non-API entry points.
Flavors: r-devel-linux-x86_64-debian-clang, r-devel-linux-x86_64-debian-gcc, r-devel-linux-x86_64-fedora-clang
Version: 1.6.5
Check: Rd cross-references
Result: NOTE
Undeclared package ‘readr’ in Rd xrefs
Flavor: r-devel-linux-x86_64-fedora-clang
Version: 1.6.5
Check: compiled code
Result: NOTE
File ‘vroom/libs/vroom.so’:
Found non-API calls to R: ‘SETLENGTH’, ‘SET_GROWABLE_BIT’,
‘SET_TRUELENGTH’, ‘STDVEC_DATAPTR’
Compiled code should not call non-API entry points in R.
See ‘Writing portable packages’ in the ‘Writing R Extensions’ manual.
Flavor: r-devel-linux-x86_64-fedora-gcc
Version: 1.6.5
Check: compiled code
Result: NOTE
File 'vroom/libs/x64/vroom.dll':
Found non-API calls to R: 'SETLENGTH', 'SET_GROWABLE_BIT',
'SET_TRUELENGTH', 'STDVEC_DATAPTR'
Compiled code should not call non-API entry points in R.
See 'Writing portable packages' in the 'Writing R Extensions' manual.
See section 'Moving into C API compliance' in the 'Writing R
Extensions' manual for issues with use of non-API entry points.
Flavor: r-devel-windows-x86_64
Version: 1.6.5
Check: installed package size
Result: NOTE
installed size is 9.9Mb
sub-directories of 1Mb or more:
libs 8.4Mb
Flavors: r-release-macos-arm64, r-release-macos-x86_64, r-oldrel-macos-arm64, r-oldrel-macos-x86_64