Last updated on 2024-06-30 00:59:30 CEST.
Flavor | Version | Tinstall | Tcheck | Ttotal | Status | Flags |
---|---|---|---|---|---|---|
r-devel-linux-x86_64-debian-clang | 0.6.0 | 7.11 | 621.45 | 628.56 | OK | |
r-devel-linux-x86_64-debian-gcc | 0.6.0 | 6.50 | 444.89 | 451.39 | OK | |
r-devel-linux-x86_64-fedora-clang | 0.6.0 | 526.55 | NOTE | |||
r-devel-linux-x86_64-fedora-gcc | 0.6.0 | 502.59 | NOTE | |||
r-devel-windows-x86_64 | 0.6.0 | 8.00 | 308.00 | 316.00 | OK | |
r-patched-linux-x86_64 | 0.5.1 | 8.96 | 613.25 | 622.21 | OK | |
r-release-linux-x86_64 | 0.5.1 | 6.95 | 615.21 | 622.16 | OK | |
r-release-macos-arm64 | 0.6.0 | 202.00 | OK | |||
r-release-macos-x86_64 | 0.6.0 | 435.00 | OK | |||
r-release-windows-x86_64 | 0.5.1 | 9.00 | 349.00 | 358.00 | OK | |
r-oldrel-macos-arm64 | 0.6.0 | 223.00 | OK | |||
r-oldrel-macos-x86_64 | 0.6.0 | 348.00 | OK | |||
r-oldrel-windows-x86_64 | 0.6.0 | 12.00 | 304.00 | 316.00 | OK |
Version: 0.6.0
Check: data for non-ASCII characters
Result: NOTE
Note: found 1 marked UTF-8 string
Flavors: r-devel-linux-x86_64-fedora-clang, r-devel-linux-x86_64-fedora-gcc