Last updated on 2024-06-30 00:59:30 CEST.
Flavor | Version | Tinstall | Tcheck | Ttotal | Status | Flags |
---|---|---|---|---|---|---|
r-devel-linux-x86_64-debian-clang | 0.0.7 | 9.03 | 69.89 | 78.92 | OK | |
r-devel-linux-x86_64-debian-gcc | 0.0.7 | 6.74 | 53.94 | 60.68 | OK | |
r-devel-linux-x86_64-fedora-clang | 0.0.7 | 102.87 | NOTE | |||
r-devel-linux-x86_64-fedora-gcc | 0.0.7 | 111.07 | NOTE | |||
r-devel-windows-x86_64 | 0.0.7 | 12.00 | 86.00 | 98.00 | OK | |
r-patched-linux-x86_64 | 0.0.7 | 9.53 | 67.28 | 76.81 | OK | |
r-release-linux-x86_64 | 0.0.7 | 7.56 | 68.04 | 75.60 | OK | |
r-release-macos-arm64 | 0.0.7 | 144.00 | OK | |||
r-release-macos-x86_64 | 0.0.7 | 172.00 | OK | |||
r-release-windows-x86_64 | 0.0.7 | 11.00 | 89.00 | 100.00 | OK | |
r-oldrel-macos-arm64 | 0.0.7 | 164.00 | OK | |||
r-oldrel-macos-x86_64 | 0.0.7 | 230.00 | OK | |||
r-oldrel-windows-x86_64 | 0.0.7 | 14.00 | 90.00 | 104.00 | OK |
Version: 0.0.7
Check: data for non-ASCII characters
Result: NOTE
Note: found 4413 marked UTF-8 strings
Flavors: r-devel-linux-x86_64-fedora-clang, r-devel-linux-x86_64-fedora-gcc