Last updated on 2024-06-30 00:59:30 CEST.
Flavor | Version | Tinstall | Tcheck | Ttotal | Status | Flags |
---|---|---|---|---|---|---|
r-devel-linux-x86_64-debian-clang | 1.4.1 | 79.18 | 40.56 | 119.74 | NOTE | |
r-devel-linux-x86_64-debian-gcc | 1.4.1 | 61.78 | 30.73 | 92.51 | NOTE | |
r-devel-linux-x86_64-fedora-clang | 1.4.1 | 175.78 | NOTE | |||
r-devel-linux-x86_64-fedora-gcc | 1.4.1 | 196.92 | NOTE | |||
r-devel-windows-x86_64 | 1.4.1 | 145.00 | 138.00 | 283.00 | NOTE | |
r-patched-linux-x86_64 | 1.4.1 | 75.78 | 38.44 | 114.22 | NOTE | |
r-release-linux-x86_64 | 1.4.1 | 84.64 | 37.97 | 122.61 | NOTE | |
r-release-macos-arm64 | 1.4.1 | 63.00 | NOTE | |||
r-release-macos-x86_64 | 1.4.1 | 105.00 | NOTE | |||
r-release-windows-x86_64 | 1.4.1 | 140.00 | 136.00 | 276.00 | NOTE | |
r-oldrel-macos-arm64 | 1.4.1 | 72.00 | NOTE | |||
r-oldrel-macos-x86_64 | 1.4.1 | 108.00 | NOTE | |||
r-oldrel-windows-x86_64 | 1.4.1 | 167.00 | 156.00 | 323.00 | NOTE |
Version: 1.4.1
Check: C++ specification
Result: NOTE
Specified C++11: please drop specification unless essential
Flavors: r-devel-linux-x86_64-debian-clang, r-devel-linux-x86_64-debian-gcc, r-devel-linux-x86_64-fedora-clang, r-devel-linux-x86_64-fedora-gcc, r-devel-windows-x86_64, r-patched-linux-x86_64, r-release-linux-x86_64, r-release-macos-arm64, r-release-macos-x86_64, r-release-windows-x86_64, r-oldrel-macos-arm64, r-oldrel-macos-x86_64, r-oldrel-windows-x86_64
Version: 1.4.1
Check: for GNU extensions in Makefiles
Result: NOTE
GNU make is a SystemRequirements.
Flavors: r-devel-linux-x86_64-debian-clang, r-devel-linux-x86_64-debian-gcc, r-devel-linux-x86_64-fedora-clang, r-devel-linux-x86_64-fedora-gcc, r-devel-windows-x86_64, r-patched-linux-x86_64, r-release-linux-x86_64, r-release-macos-arm64, r-release-macos-x86_64, r-release-windows-x86_64, r-oldrel-macos-arm64, r-oldrel-macos-x86_64, r-oldrel-windows-x86_64
Version: 1.4.1
Check: compiled code
Result: NOTE
File ‘websocket/libs/websocket.so’:
Found non-API calls to R: ‘R_nchar’, ‘Rf_findVarInFrame3’,
‘SETLENGTH’, ‘SET_GROWABLE_BIT’, ‘SET_TRUELENGTH’
Compiled code should not call non-API entry points in R.
See ‘Writing portable packages’ in the ‘Writing R Extensions’ manual.
See section ‘Moving into C API compliance’ in the ‘Writing R
Extensions’ manual for issues with use of non-API entry points.
Flavors: r-devel-linux-x86_64-debian-clang, r-devel-linux-x86_64-debian-gcc, r-devel-linux-x86_64-fedora-clang
Version: 1.4.1
Check: compiled code
Result: NOTE
File ‘websocket/libs/websocket.so’:
Found non-API calls to R: ‘R_nchar’, ‘Rf_findVarInFrame3’,
‘SETLENGTH’, ‘SET_GROWABLE_BIT’, ‘SET_TRUELENGTH’
Compiled code should not call non-API entry points in R.
See ‘Writing portable packages’ in the ‘Writing R Extensions’ manual.
Flavor: r-devel-linux-x86_64-fedora-gcc
Version: 1.4.1
Check: installed package size
Result: NOTE
installed size is 7.1Mb
sub-directories of 1Mb or more:
libs 7.0Mb
Flavors: r-devel-windows-x86_64, r-release-macos-arm64, r-release-macos-x86_64, r-release-windows-x86_64, r-oldrel-macos-arm64, r-oldrel-macos-x86_64, r-oldrel-windows-x86_64
Version: 1.4.1
Check: compiled code
Result: NOTE
File 'websocket/libs/x64/websocket.dll':
Found non-API calls to R: 'R_nchar', 'Rf_findVarInFrame3',
'SETLENGTH', 'SET_GROWABLE_BIT', 'SET_TRUELENGTH'
Compiled code should not call non-API entry points in R.
See 'Writing portable packages' in the 'Writing R Extensions' manual.
See section 'Moving into C API compliance' in the 'Writing R
Extensions' manual for issues with use of non-API entry points.
Flavor: r-devel-windows-x86_64