Last updated on 2024-06-30 00:59:30 CEST.
Flavor | Version | Tinstall | Tcheck | Ttotal | Status | Flags |
---|---|---|---|---|---|---|
r-devel-linux-x86_64-debian-clang | 0.9.1 | 23.19 | 92.86 | 116.05 | OK | |
r-devel-linux-x86_64-debian-gcc | 0.9.1 | 15.99 | 67.33 | 83.32 | OK | |
r-devel-linux-x86_64-fedora-clang | 0.9.1 | 149.89 | NOTE | |||
r-devel-linux-x86_64-fedora-gcc | 0.9.1 | 143.23 | NOTE | |||
r-devel-windows-x86_64 | 0.9.1 | 32.00 | 108.00 | 140.00 | OK | |
r-patched-linux-x86_64 | 0.9.1 | 24.34 | 91.13 | 115.47 | OK | |
r-release-linux-x86_64 | 0.9.1 | 24.54 | 89.45 | 113.99 | OK | |
r-release-macos-arm64 | 0.9.1 | 39.00 | OK | |||
r-release-macos-x86_64 | 0.9.1 | 65.00 | OK | |||
r-release-windows-x86_64 | 0.9.1 | 35.00 | 112.00 | 147.00 | OK | |
r-oldrel-macos-arm64 | 0.9.1 | 60.00 | OK | |||
r-oldrel-macos-x86_64 | 0.9.1 | 132.00 | OK | |||
r-oldrel-windows-x86_64 | 0.9.1 | 36.00 | 134.00 | 170.00 | OK |
Version: 0.9.1
Check: data for non-ASCII characters
Result: NOTE
Note: found 3881 marked UTF-8 strings
Flavors: r-devel-linux-x86_64-fedora-clang, r-devel-linux-x86_64-fedora-gcc