Last updated on 2024-06-30 00:59:30 CEST.
Flavor | Version | Tinstall | Tcheck | Ttotal | Status | Flags |
---|---|---|---|---|---|---|
r-devel-linux-x86_64-debian-clang | 1.2-3 | 3.54 | 57.06 | 60.60 | OK | |
r-devel-linux-x86_64-debian-gcc | 1.2-3 | 2.74 | 46.23 | 48.97 | OK | |
r-devel-linux-x86_64-fedora-clang | 1.2-3 | 76.73 | NOTE | |||
r-devel-linux-x86_64-fedora-gcc | 1.2-3 | 72.65 | OK | |||
r-devel-windows-x86_64 | 1.2-3 | 7.00 | 75.00 | 82.00 | NOTE | |
r-patched-linux-x86_64 | 1.2-3 | 3.63 | 55.41 | 59.04 | OK | |
r-release-linux-x86_64 | 1.2-3 | 5.62 | 55.42 | 61.04 | OK | |
r-release-macos-arm64 | 1.2-3 | 30.00 | NOTE | |||
r-release-macos-x86_64 | 1.2-3 | 45.00 | NOTE | |||
r-release-windows-x86_64 | 1.2-3 | 6.00 | 75.00 | 81.00 | NOTE | |
r-oldrel-macos-arm64 | 1.2-3 | 34.00 | NOTE | |||
r-oldrel-macos-x86_64 | 1.2-3 | 44.00 | NOTE | |||
r-oldrel-windows-x86_64 | 1.2-3 | 6.00 | 88.00 | 94.00 | NOTE |
Version: 1.2-3
Check: installed package size
Result: NOTE
installed size is 11.6Mb
sub-directories of 1Mb or more:
data 11.5Mb
Flavors: r-devel-linux-x86_64-fedora-clang, r-devel-windows-x86_64, r-release-macos-arm64, r-release-macos-x86_64, r-release-windows-x86_64, r-oldrel-macos-arm64, r-oldrel-macos-x86_64, r-oldrel-windows-x86_64