Last updated on 2024-06-30 00:59:30 CEST.
Flavor | Version | Tinstall | Tcheck | Ttotal | Status | Flags |
---|---|---|---|---|---|---|
r-devel-linux-x86_64-debian-clang | 1.0.1 | 10.16 | 79.53 | 89.69 | NOTE | |
r-devel-linux-x86_64-debian-gcc | 1.0.1 | 6.00 | 59.37 | 65.37 | NOTE | |
r-devel-linux-x86_64-fedora-clang | 1.0.1 | 108.15 | NOTE | |||
r-devel-linux-x86_64-fedora-gcc | 1.0.1 | 116.36 | NOTE | |||
r-devel-windows-x86_64 | 1.0.1 | 8.00 | 73.00 | 81.00 | NOTE | |
r-patched-linux-x86_64 | 1.0.1 | 8.10 | 75.81 | 83.91 | NOTE | |
r-release-linux-x86_64 | 1.0.1 | 7.00 | 76.60 | 83.60 | NOTE | |
r-release-macos-arm64 | 1.0.1 | 41.00 | NOTE | |||
r-release-macos-x86_64 | 1.0.1 | 61.00 | NOTE | |||
r-release-windows-x86_64 | 1.0.1 | 7.00 | 74.00 | 81.00 | NOTE | |
r-oldrel-macos-arm64 | 1.0.1 | 41.00 | NOTE | |||
r-oldrel-macos-x86_64 | 1.0.1 | 69.00 | NOTE | |||
r-oldrel-windows-x86_64 | 1.0.1 | 10.00 | 87.00 | 97.00 | NOTE |
Version: 1.0.1
Check: package subdirectories
Result: NOTE
Problems with news in ‘NEWS.md’:
No news entries found.
Flavors: r-devel-linux-x86_64-debian-clang, r-devel-linux-x86_64-debian-gcc, r-devel-linux-x86_64-fedora-clang, r-devel-linux-x86_64-fedora-gcc, r-devel-windows-x86_64, r-patched-linux-x86_64, r-release-linux-x86_64, r-release-macos-arm64, r-release-macos-x86_64, r-release-windows-x86_64, r-oldrel-macos-arm64, r-oldrel-macos-x86_64, r-oldrel-windows-x86_64