Last updated on 2025-04-29 12:52:54 CEST.
Flavor | Version | Tinstall | Tcheck | Ttotal | Status | Flags |
---|---|---|---|---|---|---|
r-devel-linux-x86_64-debian-clang | 0.6.0 | 8.00 | 131.38 | 139.38 | NOTE | |
r-devel-linux-x86_64-debian-gcc | 0.6.0 | 5.05 | 83.77 | 88.82 | OK | |
r-devel-linux-x86_64-fedora-clang | 0.6.0 | 203.80 | OK | |||
r-devel-linux-x86_64-fedora-gcc | 0.6.0 | 209.05 | OK | |||
r-devel-windows-x86_64 | 0.6.0 | 9.00 | 136.00 | 145.00 | OK | |
r-patched-linux-x86_64 | 0.6.0 | 8.67 | 122.04 | 130.71 | OK | |
r-release-linux-x86_64 | 0.6.0 | 7.08 | 121.42 | 128.50 | OK | |
r-release-macos-arm64 | 0.6.0 | 73.00 | OK | |||
r-release-macos-x86_64 | 0.6.0 | 139.00 | OK | |||
r-release-windows-x86_64 | 0.6.0 | 11.00 | 135.00 | 146.00 | OK | |
r-oldrel-macos-arm64 | 0.6.0 | 61.00 | OK | |||
r-oldrel-macos-x86_64 | 0.6.0 | 98.00 | OK | |||
r-oldrel-windows-x86_64 | 0.6.0 | 13.00 | 179.00 | 192.00 | OK |
Version: 0.6.0
Check: examples
Result: NOTE
Examples with CPU (user + system) or elapsed time > 5s
user system elapsed
ypr_tabulate_yields 3.779 0.003 5.164
Flavor: r-devel-linux-x86_64-debian-clang